pose -4*u = d*u - 9354. Is u a prime number?
True
Let u be 7/(133/(-140) - -1). Is 1061564/u - (12/(-5) - -2) a prime number?
True
Let g = 750 + 505. Suppose -2*r + 3363 = 5*d, -4*d + g = -4*r - 1441. Is d a composite number?
False
Let s = -62308 - -108075. Is s prime?
True
Let h = 52526 + 184161. Is h prime?
False
Let h = 8790 + -5145. Let x = h - 1954. Is x composite?
True
Let k = 564631 + -331518. Is k prime?
True
Let l = -39 + 43. Let z be (-6)/l + 2 + 74/4. Suppose -z*p = -24*p + 7565. Is p a composite number?
True
Let w(a) = -15*a**3 + 5*a**2 - 4*a - 1. Let l be w(-5). Let x = l + -1274. Suppose 4*r + x = 9*r. Is r a composite number?
False
Let c(l) = l**3 - 2*l**2 + l - 2. Let p be c(0). Let y(s) be the first derivative of -11*s**4/4 - s**3 - s**2 - 3*s + 1. Is y(p) composite?
True
Let n = -47 + 227. Let g = 163 + n. Suppose 0 = -4*l + 13 + 3, -3*q - 4*l + g = 0. Is q composite?
False
Let c = -64 - -60. Let d be (-28)/(-8)*-2*(c - -3). Suppose 0*p = -d*p + 1757. Is p a composite number?
False
Let j = 27995 + -13642. Is j a prime number?
False
Let w be 184*1*(52 - 17). Let m = -4051 + w. Is m composite?
False
Is 13 - 21 - 2 - (-273642)/2 prime?
True
Let r be (-1)/((-5)/(-30)*-3). Suppose r*d = x - 457 - 722, -2*d - 2*x = 1182. Let n = -219 - d. Is n prime?
False
Let z(m) = 60*m + 400. Let y be z(-16). Is 56/y - 1/((-20)/202662) a composite number?
False
Let c be 16100/280*(-4)/(-5). Let u(j) = 806*j**2. Let l be u(1). Suppose -l = -c*y + 44*y. Is y a prime number?
False
Suppose -3*c - p = -1240565, 0*c - 3*p = 2*c - 827048. Is c composite?
False
Suppose 5*o + 3*u - 6*u = 358, 202 = 3*o - 5*u. Let q = 79 - o. Suppose -4*g + 1437 = -k, -2*g - q*k + 129 = -562. Is g prime?
False
Let z = -257931 - -754214. Is z a prime number?
True
Let q(s) = -s**2 + s + 5129. Let f be q(0). Let n = f - 114. Suppose -5*r + 0*r = -n. Is r prime?
False
Let h(n) = -2*n**3 - 3*n**2 - n + 7. Let z be h(-3). Let t = z + -37. Suppose r - 2074 - 1833 = t. Is r prime?
True
Let k(y) = y**3 - y**2 - 9*y + 9. Let v be k(3). Suppose v = -0*j + j - 4*b - 1493, 0 = -4*j + 2*b + 5902. Is j composite?
True
Let c(r) = -2327*r + 1033. Is c(-6) composite?
True
Let v = 75 + -61. Suppose 5*l = v + 6. Is (0 - -2)/(l/1246) composite?
True
Suppose 58*c - 125*c + 55*c = -1157172. Is c composite?
False
Let j(t) = t - 3. Let r be j(0). Let i be 4/(16/(-6))*8/r. Suppose -2*d + 5442 = i*k, 4*d = -4*k + 2*k + 2718. Is k a composite number?
False
Suppose -3*t - 9581 = -2*d, 4798 = d - 90*t + 87*t. Is d prime?
True
Let r be ((-3 + -3)*1)/(-3). Suppose r*d = -4*k - 16, d - 5 = 6*d + 3*k. Let c(u) = 55*u + 1. Is c(d) a composite number?
True
Suppose -258158 = 35*r - 1495023. Is r a composite number?
False
Suppose 5*q + 6*q + 84073 = 0. Let r = q + 19102. Is r composite?
True
Suppose -7*l + 96 = 9*l. Is ((-210100)/(-5))/4 + l composite?
True
Suppose 0 = -4*y + 2*g - 18963 + 531393, -y + 4*g = -128111. Suppose -155*l = -148*l - y. Is l a prime number?
True
Let p be 5166 + (5 - 10 - -4). Let t = p - 2839. Is t prime?
False
Let c(r) = 243*r**3 + 4762*r - 4*r**2 - 121*r**3 - 4749*r + 3 + 389*r**3 - 3*r**2. Is c(4) composite?
False
Let w be (-16)/(-24) + 1108/(-6). Let f = w + 1305. Is f prime?
False
Suppose -1 = 2*d - 3*v, -9*d = -8*d + 4*v - 16. Suppose -d*o - p + 8204 = 0, -5*o + 0*p + 10255 = -3*p. Is o a prime number?
False
Let g(d) = -47*d**3 - 64*d**2 + 23*d + 23. Is g(-20) a composite number?
False
Suppose 4 = -3*p + 34. Suppose p = -3*h + 4*h. Is 36 + (h/5)/2 composite?
False
Let h(k) = 4*k - 79. Let y be h(21). Is y - ((8737/(-1) - 4) + -3) a composite number?
True
Suppose -474*r = -97*r + 94*r - 108634737. Is r prime?
True
Let a(q) = 27*q**3 + 11*q**2 + q - 244. Is a(15) composite?
False
Suppose 0*n - 2*n = 3*k + 6, -2*k - 4 = -3*n. Suppose 13*c - 42762 - 27269 = n. Is c prime?
True
Let q = -4665 - -1520. Let n = -678 - q. Is n prime?
True
Suppose -3*z = 3*y - 5*z - 4232709, -5*y - 5*z = -7054465. Is y a prime number?
False
Suppose -4*b - 4*f + 949196 = 0, 6 = -27*f + 24*f. Is b prime?
True
Let c(r) = -17*r - 99. Let n be c(-6). Suppose -3874 = -n*u + i, -i - 5 = -4. Is u prime?
True
Let b be (1 - (-2)/6)/(24/180). Suppose b = -2*k + 24. Suppose k*o - 4487 = -0*o. Is o composite?
False
Let s(y) be the first derivative of 7*y**5/30 + 7*y**4/24 - 14*y**3/3 + 9*y**2 - 24. Let n(g) be the second derivative of s(g). Is n(13) prime?
False
Suppose -2*p + 39276 = 2*g, 7*p - 11*p + 4*g + 78560 = 0. Let o = p + -11822. Is o prime?
True
Let i(a) = 616*a + 367. Let n(x) = 3694*x + 2205. Let l(b) = -13*i(b) + 2*n(b). Is l(-7) a prime number?
False
Suppose -41*r + 4*n - 82617 = -44*r, -n = -2*r + 55078. Is r a prime number?
True
Suppose 61323254 = 76*g - 21554215 - 91973679. Is g composite?
True
Suppose 1346*o - 1344*o + 4 = 0. Is o*(-15831)/(-36)*-2 prime?
True
Is 8/(-172) + 46486128/688 a composite number?
False
Suppose 0 = -3*w + l + 58101, 4*w + 5*l - 54791 - 22715 = 0. Is w a composite number?
True
Let f be (1656/(-60))/((-15)/(-9050)). Let l = 24793 + f. Is l composite?
True
Suppose -4*v - 8*y + 616 = -4*y, -v + 2*y + 154 = 0. Suppose 2*p - 154 = -9*r + 6*r, -2*p + v = r. Is p a prime number?
False
Is 5 + -5 + -7 + (-9 - -405957) composite?
True
Suppose -422 = -4*c - 3150. Let f = 717 - c. Is f a prime number?
True
Suppose u - 4*u - 2*s = -1026, 3*s - 1367 = -4*u. Let q = u - 220. Suppose 0*g - 5*g - 2*b + 155 = 0, 4*g = -2*b + q. Is g composite?
False
Suppose 2*y - 3*j = 4995499, 309*y - 307*y = -4*j + 4995506. Is y a composite number?
False
Suppose -361733 + 5434087 = 38*b. Is b composite?
True
Let x = -159 - -196. Suppose 2*p - 913809 = -x*p. Is p composite?
False
Suppose -321*l + 2750679 = -16759380. Is l prime?
True
Let j(d) = d**2 - 3*d. Let k be j(3). Suppose a + a - 7574 = k. Is a prime?
False
Suppose 4 = 3*h - 8, -d = -4*h - 59493. Is d a composite number?
False
Suppose 0 = 13*u + u - 80654. Suppose 3*q + u + 1202 = 0. Let a = -1614 - q. Is a a composite number?
True
Let f be 879 + -4 + (0 + -1 - 1). Let l = 1556 + f. Is l a prime number?
False
Suppose 24*l - 45549 = -7989. Suppose 5*d - l = 5*t, -653 = -4*d + t + 611. Is d a composite number?
False
Let y(b) = -23*b**3 - 14*b**2 - 11*b + 37. Is y(-15) prime?
False
Let i be 0 + (94 - (-3 + 3)/4). Let q = -99 + i. Is (1826/55)/((-2)/q) prime?
True
Let f(z) = 2*z**3 + 6*z**2 - 16. Let j be f(-4). Is (-72)/j - 9395/(-2) a composite number?
True
Suppose -3*q + 61 = 2*w, 2*q - 65 = -q + 2*w. Suppose -q*r = -6*r - 114630. Is r a prime number?
False
Let q = -13899 - -5891. Let g = q - -11361. Is g prime?
False
Let a = -59039 - -189880. Is a prime?
True
Suppose -6*k = 2*r - 2*k - 1110, -4*k + 2775 = 5*r. Let t = -26 + r. Is t prime?
False
Suppose -5*w = -12*t - 1677938, 4*w + 5*t - 3*t = 1342420. Is w a prime number?
False
Let a be (-64)/24*5193/(-12). Suppose 2*w - 1224 = a. Is w composite?
True
Let d(c) = 3*c**2 - 64*c + 23. Suppose -13*p = -9*p - 3*m + 92, 3*p - m = -64. Is d(p) a composite number?
False
Let y = -26 - -30. Suppose 2*u + 8 = -2*i, 2*i - 6*i = -y*u. Is i/(-2)*(548 + -3) a prime number?
False
Is 6*(35825/6 + -11) prime?
True
Let q(h) = 25*h - 289. Let w be q(13). Suppose -816574 = 14*k - w*k. Is k a prime number?
True
Let p(k) = 111*k + 271537. Is p(0) a composite number?
True
Let u = 127 - 132. Let a = u + 1116. Is a composite?
True
Let x(u) = 2797*u - 690. Is x(13) prime?
True
Suppose 3*d - 7 - 39 = 2*k, 70 = -4*k - 5*d. Is (-15)/k + (-1)/(-4) + 4196 prime?
False
Let x(r) = -3*r**3 + 8*r**2 + 4*r - 6. Let h be x(5). Let b = h - -864. Is b composite?
True
Suppose 5*m + 3*b - 2756704 = 0, -4*m = -3*m - b - 551336. Is m composite?
False
Suppose 3 - 1 = j + 3*k, j = -4*k + 2. Suppose -4*h + j*f + 8272 = -56466, 0 = -4*h + 3*f + 64741. Is h a prime number?
True
Suppose 11*s + 0*s + 605 = 0. Let g = s + 60. Suppose -3*d - o = -451 - 768, 10 = -g*o. Is d a composite number?
True
Let v(o) = -o**3 - 16*o**2 + 37*o + 33. Let q be v(-18). Suppose -28*b = q*b - 57835. Is b composite?
True
Suppose -475*k + 344*k = -4181389. Is k composite?
True
Let d be ((-12)/5)/(33/110). Is (-4514)/d - (-63)/84 a composite number?
True
Let a be (-8 - (-28)/4)*(-14 + 3). Suppose -3*l = a*l - 56686. Is l a composite number?
False
Let z(i) = -i**3 + 9*